0 = -5*b - 1 + 11. Let n be (b/(-6))/(1/(-12)). Suppose -193 = -2*y - y + n*i, 184 = 3*y + 5*i. Calculate the greatest common factor of 9 and y.
9
Suppose 3*m - 330 = -5*k, 0 = -m - 4*m - 5*k + 550. What is the highest common divisor of 11 and m?
11
Suppose 5*b - z + 31 = -5*z, 0 = 5*b + 2*z + 23. Let c be (65/1 - b) + -3. Calculate the highest common divisor of c and 13.
13
Let d(r) = -29*r + 4. Let p be d(-4). Suppose 0 = -n - 4*n + p. Suppose 2*f - 48 = -2*f. What is the highest common divisor of f and n?
12
Let w(u) = -10*u. Let o = 15 + -26. Let m be w(o). Calculate the highest common divisor of 10 and m.
10
Let o be -1 + (-530)/(-45) + 4/18. What is the highest common divisor of 11 and o?
11
Let p(a) = a**2 + 4*a - 7. Let c be p(3). Let q be (-1 + 1)/((-4)/(-2)). Let o be 3 - 0 - (q + 1). What is the highest common factor of c and o?
2
Let i be 0 - -21 - (-7 - -5). What is the highest common factor of 161 and i?
23
Suppose s = 5*b - 30, 2 = 4*b - 5*s - 22. Calculate the greatest common factor of b and 42.
6
Let m(n) = -11*n + 4. Let v be m(-1). What is the highest common factor of v and 45?
15
Suppose 0*x + d + 73 = -5*x, 5*x + 71 = -2*d. Let k be x*(2 - (4 - 1)). Calculate the highest common divisor of 120 and k.
15
Let r be 4 - 0/(-1 - 0). Let s be r + -2 + (-10 - -5). Let y be s/(-6)*6 - 2. Calculate the greatest common factor of 3 and y.
1
Let t be 7/(-3 - 11/((-132)/40)). Suppose 2*m + 3 = -5*l + 32, -15 = 5*m. Calculate the greatest common divisor of l and t.
7
Let v = -47 - -74. Let b = v - 17. Calculate the greatest common divisor of b and 110.
10
Let i(a) = 4*a + 4 - 4. Let f be i(6). Suppose -32 = -q - 3*q. What is the highest common factor of q and f?
8
Let j(w) = w**3 - 16*w**2 + 64*w + 6. Let i be j(8). Suppose g + 5*r = 28, 0 = -3*g + 4*r + 71 + 89. Calculate the greatest common divisor of g and i.
6
Suppose -15 - 41 = -4*x. What is the highest common divisor of 112 and x?
14
Let v = -7 - -11. Calculate the highest common factor of 44 and v.
4
Let g(c) = 5*c**2 - 9. Let l be g(3). What is the greatest common factor of l and 24?
12
Let c(d) = -d**3 - 9*d**2 - 7*d + 6. Let q be c(-8). Let f be -2 - (q - 11) - 2. What is the highest common factor of 81 and f?
9
Let i be 131/(-4) - 3/12. Let m = -14 - i. What is the greatest common divisor of 38 and m?
19
Let x(v) = -4*v**3 + 3*v**2 + 4*v + 3. Let i be x(-3). What is the greatest common factor of i and 18?
18
Suppose 4*f + 3*t = 7, -4*f + 17 = t + 4*t. Let z be -1*-2*(3 + f). Let h = z + 2. Calculate the greatest common factor of 16 and h.
4
Suppose 0 = 2*i - 0*i - 8. Let v(u) = 2*u - 6. Let c be v(5). What is the highest common divisor of c and i?
4
Suppose 5*a + 5*j = 120, a - 4*a + 92 = -j. Suppose -a = -5*v + 71. Calculate the greatest common divisor of v and 8.
4
Let l = 74 - 20. What is the greatest common factor of l and 36?
18
Let s = -27 - -108. What is the highest common factor of 9 and s?
9
Suppose -5*r + 46 = -59. Let b be -1*1*(-6 + 1). Let p = r - b. Calculate the greatest common factor of p and 128.
16
Let t(a) = a + 4 + 5 - 2. Let u(o) = -9*o**3 - o. Let b be u(-1). Let s be t(b). What is the greatest common divisor of s and 119?
17
Suppose 0 = 5*n - 0*n - 675. Calculate the greatest common divisor of 15 and n.
15
Let b(w) = 2*w**2 - 4*w - 3. Let q be b(-2). Suppose 0 = h + h - 3*x - 35, 4*x - 1 = -h. Calculate the highest common divisor of h and q.
13
Let k be (15/(-10))/((-9)/300). What is the highest common factor of 25 and k?
25
Let n = 101 + -98. Calculate the highest common divisor of 33 and n.
3
Suppose -z + 165 = 2*z. Suppose -4*i + 15 = -i. Calculate the greatest common divisor of z and i.
5
Let u(q) = -4*q - 13. Let v be u(-7). Calculate the greatest common divisor of v and 75.
15
Let o(i) = -3*i**3 + 3*i**2 + 10*i + 2. Let g be o(-3). Calculate the highest common factor of 20 and g.
20
Let q be 4*1/3*3. Suppose -t = -3*i + 48, i + t = -0*i + 16. Calculate the highest common factor of i and q.
4
Suppose -3*o + 27 = -3*d, 0 = 4*o + 5*d - 4 - 5. Calculate the greatest common factor of o and 18.
6
Let p = 2 - 0. Suppose -6 = -5*f - 1. Let m be (p/(-1) - -3)/f. Calculate the greatest common divisor of 5 and m.
1
Let v be 6/((-14)/(-12) + -1). Calculate the greatest common factor of 6 and v.
6
Suppose -5*y - g = 2*g - 20, 0 = 2*g - 10. Let p be (30/(-1 - y))/(-1). Calculate the greatest common factor of 120 and p.
15
Let x be 124/2 - (0 - 1). Suppose -p = -0*p - 2*s - 14, 5*p - 3*s - x = 0. Calculate the greatest common divisor of p and 12.
12
Let u(w) be the first derivative of -15*w**2 + w - 1. Let x be u(-3). Calculate the greatest common factor of 13 and x.
13
Let u(k) = -k**3 - 5*k**2 + 11*k + 9. Let t be u(-7). What is the highest common divisor of 50 and t?
10
Suppose 2*i = 6*i - 448. Calculate the highest common divisor of i and 16.
16
Let z be (5 - 6/3)*-1. Let i be z/(-12) + (-71)/(-4). What is the highest common factor of 72 and i?
18
Suppose -7*j + 2*j = -40. Let s be 75/12 + (-2)/j. Calculate the greatest common factor of s and 12.
6
Let v(t) = -2*t**3 + 2*t**2 + t - 1. Let s be v(2). Let p = s - -12. Suppose -3*x = -p*x + 16. Calculate the highest common factor of x and 12.
4
Suppose y = -y + 34. Calculate the highest common factor of 68 and y.
17
Suppose -17 = -u - 4. What is the greatest common factor of 26 and u?
13
Let o(s) = -62*s + 2. Let g be 1*-4 - (5 - 7). Let v be o(g). Suppose -56 = -0*z - 4*z. What is the greatest common factor of z and v?
14
Let z = -4 - -7. Let x be (4/z)/((-2)/(-15)). Calculate the highest common factor of x and 70.
10
Let h be (-1)/(-2 + (-358)/(-180)). Suppose -h = -6*x + x. Calculate the highest common divisor of 27 and x.
9
Let d = 5 - 1. Suppose -3*l + d*y = -6*l + 48, 5*l - 4*y - 80 = 0. Suppose -j + 0*j - 22 = -4*i, l = 4*i + 2*j. What is the highest common divisor of i and 15?
5
Let v(q) = -q + 3. Let r be v(7). Let g be (6/r)/(8/(-80)). Let w = -20 + 23. Calculate the highest common divisor of g and w.
3
Let v(n) = n**2 + 13*n - 6. Let m be v(-17). What is the highest common factor of m and 93?
31
Suppose -14 = -4*h + 6. Let y be h*(-9 + 3 - -2). Let a be 84/10 + 8/y. What is the highest common divisor of 2 and a?
2
Let a be (0 - 2/2) + 37. Let g = 226 - 222. Calculate the greatest common divisor of g and a.
4
Suppose 119 = 2*c + 83. What is the greatest common factor of c and 144?
18
Suppose -4 = 47*y - 51*y. Calculate the greatest common factor of y and 1.
1
Let y be 15/(-10)*(-5 + 3). What is the greatest common factor of y and 15?
3
Let y be 0 + 4 - (-5)/5. Let v be (-272)/(-153) + (-2)/(-18)*2. Calculate the highest common factor of v and y.
1
Let d(o) be the second derivative of -7*o**3/6 - 3*o**2/2 - o. Let k be d(-3). Suppose 3*a - 4*a + k = 0. What is the highest common factor of a and 9?
9
Let z = 156 - 100. Calculate the highest common factor of 84 and z.
28
Let p(a) = a + 8*a**2 - 6*a - a + a**3 + 2. Let d be p(-8). Let z = d + -24. What is the greatest common divisor of z and 13?
13
Let u = 62 + -28. Suppose 0 = g - 5*s - 31, g = s + 9 + u. What is the greatest common divisor of 115 and g?
23
Suppose -5 = 5*i - 0. Let d be ((-9)/(-2))/(i/(-10)). What is the highest common factor of 5 and d?
5
Suppose 4 - 31 = -3*v. Let d be 0/1 - (1 - v). What is the highest common divisor of 2 and d?
2
Suppose 2*m - 1 - 5 = 0. Let r be (1 + 0)/(3/6). Calculate the highest common divisor of r and m.
1
Suppose -45 = -2*s + 5*n, -4*s + 6*n + 79 = 7*n. Calculate the greatest common divisor of s and 15.
5
Let h(u) = -3*u**2 - 11*u + 5. Let d be h(-8). Let k = 243 + d. Let b be 1*32*2/4. What is the highest common divisor of k and b?
16
Suppose -2*r + 5*l + 56 = 0, -5*r + 4*l + 22 = -4*r. What is the greatest common divisor of r and 95?
19
Suppose 0*i = -4*i - 24. Let l = i - -34. Calculate the greatest common divisor of l and 42.
14
Suppose -3*a + 44 = -4*k, 2*k = -a + 4*k + 16. What is the highest common divisor of 4 and a?
4
Let u = 9 + -3. What is the highest common factor of 18 and u?
6
Let c be (-60)/14*1/(-2)*14. Calculate the highest common factor of c and 330.
30
Let s be (2 - 1)/(1/7). Calculate the greatest common factor of 77 and s.
7
Suppose -8*y - 56 = -10*y. What is the greatest common diviso